 6 - 1 - k*a + a**2. Give z(4).
1
Let i be ((-6)/4)/(3/(-4)). Let v(d) = -d**i - 2 - 2*d + d - 2*d. Suppose -20 = 4*o - 12. Determine v(o).
0
Suppose 4*x + x + 13 = -i, -5*i - 21 = 3*x. Let s(j) = -3*j**3 - 3*j**2 - 2*j + 1. Give s(x).
17
Suppose -4*r = p + 18 - 5, -2*r + 6 = -2*p. Let k(l) = -l**2 + 2*l. Give k(r).
-8
Let s(p) = -3*p - 6. Let m be s(5). Let l be ((-7)/(m/18))/(-1). Let t(j) = -j - 7. Determine t(l).
-1
Let n(q) = 5*q**2 + 2*q - 1. Let h be 8/(-4)*(-34)/4. Let k(r) = 14*r**2 + 7*r - 3. Let i(c) = h*n(c) - 6*k(c). Calculate i(7).
-6
Let p(s) = s + 3. Suppose -5*o + 5 = -2*q, q + 7*o - 12*o = -5. Determine p(q).
3
Let m(l) = -l - 1. Suppose o = -o + 8. Suppose 0 = -2*g - 4*n - 18, g + 23 = -2*g - o*n. Calculate m(g).
4
Let s(n) = 5*n**3 + n - 2. Let w be s(1). Let k(r) = r - 3. Calculate k(w).
1
Let r(s) be the second derivative of -s**5/20 - s**4/6 - s**3/3 - 3*s. Let y(l) = -l**3 + l**2 + 2. Let b be y(2). Calculate r(b).
4
Suppose 0 = -0*s - s - 2*b + 18, 12 = 3*b. Let f be 4/(-20) + 2/s. Let a(z) = f - 2*z**3 + 1 - 2*z - 5*z**2 + z**2. Calculate a(-2).
5
Let p(s) = s**3 - 3*s**2 + s - 4. Suppose -9 = -3*y - 2*v, -5*v = -3*y - 0*v + 9. What is p(y)?
-1
Let s(n) = 2*n**2 - 3*n - 4. Let z(a) = -a**3 - 10*a**2 + 2. Let i be z(-10). Suppose -i*j = -j - 4. Let q = 7 - j. What is s(q)?
5
Let w(t) = -11*t**2 - 13*t + 26. Let f(b) = 7*b**2 + 9*b - 17. Let i(x) = 8*f(x) + 5*w(x). What is i(-8)?
2
Let d(h) = -7*h**2 + 1 - 6*h + 2 + 2. Let i(m) = 6*m**2 + 6*m - 4. Let s(j) = 5*d(j) + 6*i(j). Calculate s(-6).
1
Let z(d) = 3*d - 4. Let x(o) = o. Let n(v) = 4*x(v) - z(v). Calculate n(7).
11
Let m be (35/(-10))/(25/10 - 3). Let b(o) = o**3 - 9*o**2 + 9*o + 10. What is b(m)?
-25
Let r(u) be the second derivative of -u**5/20 - u**4/4 - u**3/3 - 4*u. What is r(-3)?
6
Let g(w) be the first derivative of -9 + 4*w - 1/4*w**4 + w**3 + w**2. Calculate g(4).
-4
Let c(r) = 4*r**2 + r + 1. Let t be c(-1). Let v(d) = d + 9. Let g be v(-7). Let s(f) = f**3 - 3*f**2 + t*f**g + 4 - 1 + 3*f. Calculate s(-2).
-7
Let n be (-220)/(-16) + (-2)/(-8). Let x be (-9)/6 + n/(-4). Let w(j) = j**3 + 4*j**2 - 5*j - 2. Calculate w(x).
-2
Suppose -3*n + 24 = 6. Suppose -4*z + 5*p - 5 = 0, 2*p = 5*z + 6*p - 4. Let a(i) = z + 6*i**2 - 3 - i**3 - 1 + 0*i**2. Give a(n).
-4
Let r(u) = u**2 + u + 3. Let d(q) = -3*q**2 - 23*q + 5. Let s be d(-8). Calculate r(s).
9
Let y(x) = -x**2. Let b(l) = 8*l**2 - 6*l. Let v(a) = -b(a) - 6*y(a). Determine v(4).
-8
Let o(x) be the second derivative of x**5/20 + x**4/4 - x**3 - 3*x**2/2 + 21*x. What is o(-4)?
5
Suppose 0 = -f + u + 6, 0 = 5*f + 2*u - 5 - 4. Let k(z) = 11 - 17 + f*z + 10. What is k(3)?
13
Let v = 5 + -5. Let d = -2 + v. Let n(u) = -u - 1. Let q(g) = -4*g. Let l(a) = -2*n(a) + q(a). Calculate l(d).
6
Let k be 126/(-24) + 5 + 13/4. Suppose 17 + 4 = 3*a. Let u(m) = -m**3 + m**k + m**3 - 3 + a*m**2 + 6*m. Give u(-6).
-3
Let b = 3 - 3. Let l = b - -4. Suppose -2*u = -6*u + l. Let q(y) = -6*y**3 - 2*y**2 + 1. Calculate q(u).
-7
Suppose 0*y = 3*y. Let s(m) = m - 1. Determine s(y).
-1
Let f be -1 + -1 + 6*1. Suppose f*n = n. Let q(p) be the first derivative of p**4/4 + p**3/3 - p**2/2 + 4*p - 7. Give q(n).
4
Let q = -3 + -1. Let k(u) = u**3 - 8*u**2 - 4*u + 4. Let t(l) = -l**2 + 1. Let n(m) = q*t(m) + k(m). Calculate n(5).
5
Let x(f) = -2*f**3 - 3*f**2 - 3*f - 3. Suppose 2*m = 1 + 3. Suppose -5*y - 2*z - 1 = 3, 0 = y + m*z - 4. Calculate x(y).
7
Let l be (-1 + 7)*3/6. Let k(r) = 3 - 4 - 6 + r**l + r**2. Let s = 2 + -2. Give k(s).
-7
Let r(y) = y**3 - 4*y**2 + 2*y - 1. Suppose 0*k - 3*k = -5*m + 20, -5*k = 0. Calculate r(m).
7
Suppose -4*i - v - 8 = -0*v, 3*v = -2*i + 6. Let t(y) = y**3 + 4*y**2 + 4*y + 3. What is t(i)?
0
Let l(a) = -2*a**2 + 2*a + 111*a**3 + 5 - 3 - 110*a**3 - a**2. Calculate l(2).
2
Let f(k) be the second derivative of -k**5/20 + k**4/12 - k**3/6 - 5*k**2/2 + k. What is f(0)?
-5
Let i(v) = -v**3 - 5*v**2 - 4*v - 5. Let x(q) be the third derivative of q**6/120 - q**5/15 - q**4/12 + 2*q**3/3 + 4*q**2. Let h be x(4). Give i(h).
-5
Let m(p) = p**2 - 7*p + 6. Let t(b) = -b**2 + 14*b - 17. Let g be t(12). Calculate m(g).
6
Let q = -32 - -23. Let t be (-2)/(-9) - (-20)/q. Let k = t - -4. Let i(s) = -2*s**3 + 4*s**2 - 2*s - 2. Give i(k).
-6
Let i(z) be the second derivative of -z**4/12 - z**3/6 + z**2 + 8*z. What is i(-2)?
0
Let v be 0 - (3 + -2) - -6. Let i(t) be the third derivative of t**5/60 - 7*t**4/24 - t**3/6 + t**2. Calculate i(v).
-11
Let a(o) be the first derivative of -o**5/40 - o**4/24 - o**3/3 + 1. Let m(s) be the third derivative of a(s). What is m(2)?
-7
Let m(k) = -k + 12. Let s = -103 - -103. What is m(s)?
12
Let z be (-80)/14 - 4/14. Let q(j) = 7*j**3 - 4*j**2 + 3*j + 3. Let m(d) = d**3 - d**2 + d + 1. Let y(a) = z*m(a) + q(a). Determine y(-2).
3
Let x = 3 - 8. Let c = x - -6. Let m(t) = 6*t - t**2 + c + 0*t - 4. What is m(4)?
5
Let j(o) = -o - 1. Let y(g) = -g + 4. Let h(p) = -2*j(p) + y(p). Let u(s) = -s**3 + 4*s**2 - s + 2. Let c be u(4). Let w = c - -2. Determine h(w).
6
Let w(n) = 6*n**2 + 6 - 371*n**3 + 747*n**3 + 6*n - 377*n**3. Give w(7).
-1
Let y(m) be the first derivative of m**7/840 + m**6/360 - 10*m**3/3 - 2. Let v(s) be the third derivative of y(s). Let c = 2 - 4. Determine v(c).
-4
Let f = 9 - 7. Let d(p) = 2*p**2 + 2 + p - p**3 - 5*p**2 + 0*p**f. Give d(-2).
-4
Let h(b) = -3*b**2 + 2*b + 1. Suppose 1 = 2*y - 5*y + 2*d, 0 = 5*y + d + 6. Calculate h(y).
-4
Let c = 14 + -12. Let k(s) = 4*s + 4*s**2 - c*s - s + 3*s**2. Give k(1).
8
Let o(v) be the third derivative of -v**5/60 - 7*v**4/24 - 7*v**3/6 - 5*v**2. Let h be o(-5). Let s(b) = b**3 - 4*b**2 - 3. Determine s(h).
-12
Suppose -2 = -3*d + 2*b, 5 = 4*d - 3*b + 4. Let c(p) = -d*p - 4 + 2 - p**2 + 6*p. Suppose -2 - 31 = -11*v. Calculate c(v).
-5
Let g be ((-4)/8*10)/1. Let w(s) = -7*s**2 - 8*s - 8. Let p(d) = 6*d**2 + 8*d + 7. Let n(c) = -5*p(c) - 4*w(c). Give n(g).
-13
Let c(o) = 2*o - 4. Let t(s) = -5*s + 11. Let g(k) = -8*c(k) - 3*t(k). Suppose 5*v = 4*p + 22, 9*v - 4*v + 5*p - 40 = 0. Calculate g(v).
-7
Let t = -7 + 7. Suppose t = -5*x + 21 + 4. Let p(o) = 5*o + 0*o - 1 - x*o**2 - 5*o. Give p(-1).
-6
Let f = -13 + 14. Let z = f + 5. Let n(x) = x**3 - 6*x**2 + 2*x - 8. What is n(z)?
4
Let w(b) = -b**2 - 11*b - 15. Let r(o) = 2*o**2 + 22*o + 30. Let h(l) = -3*r(l) - 7*w(l). Give h(-10).
5
Let l(d) = d**3 - 5*d**2 + 1. Let c be l(5). Let m = 2 - 1. Let z(q) = 2*q - 1 - c + m. Calculate z(1).
1
Let j(o) be the second derivative of o**6/120 - o**5/30 - o**4/24 - o**3/6 + 5*o**2/2 + o. Let l(w) be the first derivative of j(w). Determine l(3).
5
Let b(j) = 0*j - 4 - j + 17. Give b(10).
3
Let k(f) = 11 + f + 2 - 8 + 7. Determine k(-5).
7
Let q(v) = -v + 1. Suppose -4*u + 0 - 18 = m, 0 = 2*u + 8. Calculate q(m).
3
Let g = -15 + 43. Suppose c + 2*y - 25 = -3*y, 4*c + 2*y - g = 0. Let n(b) = b**2 - 6*b. What is n(c)?
-5
Let g(n) = -4*n + 1 + 6 + n**2 - 4*n - 2. Calculate g(6).
-7
Suppose 2*g - 6 = -g. Let u be (-17)/(-6) - (-3)/18. Let q(y) = g + 0 - y**u - 2*y**2 - 4. Give q(-3).
7
Let a = -31 - -29. Let m(g) = 5*g + 2. Give m(a).
-8
Suppose 24 = c - 5*c. Let z(w) = -w - 3. Give z(c).
3
Let y(l) = 5*l**2 - 3*l - 7. Let o(x) = 4*x**2 - 3*x - 6. Let a(p) = -4*o(p) + 3*y(p). What is a(4)?
-1
Let k(j) = 2*j. Let n(p) = -3*p - 1. Let d(h) = -5*k(h) - 3*n(h). Suppose -i + 32 = -5*i - 5*z, 0 = 2*i + 2*z + 16. Let t be 3/(-12) + (-42)/i. Calculate d(t).
-2
Let s(v) = -2*v - 5. Suppose 2*y - 6*q = -4*q - 12, -2*y + 5*q - 9 = 0. Determine s(y).
9
Suppose 0*a + 4*a - 24 = 0. Let q(x) = x**3 - 5*x**2 - 6*x + 5. Determine q(a).
5
Let i(v) be the third derivative of 5/6*v**3 + 0*v - 5*v**2 + 0 - 5/24*v**4. Determine i(4).
-15
Let a(x) = x**3 + 8*x**2 + 2. Let i = -19 + 11. Calculate a(i).
2
Let t = -1 - 1. Let m = t + -1. Let l(j) = 5 + 4*j - j**3 - 2 + 4*j**2 + 2*j**3. Calculate l(m).
0
Let i = 21 - 23. Let l(f) = -2*f - 3. Give l(i).
1
Suppose 2*d = 2*t - 3*d + 3, -1 = -2*t + d. Let h(m) = m - m - t - 2*m. Let b(u) = -6*u + 16. Let o be b(3). Determine h(o).
3
Let u(v) = -66*v + 51. Let m(h) = h - 1. Let d(t) = -4*m(t) + u(t). Let w(o) = 5*o - 4. Let g(a) = -4*d(a) - 55*w(a). Calculate g(-1).
-5
Suppose 2*r - r = 2. Let d be (-26)/8 + r/8. Let l(m) = m - 1.